{"id":5442,"date":"2019-06-13T07:24:06","date_gmt":"2019-06-13T07:24:06","guid":{"rendered":"https:\/\/themesgavias.com\/wp\/vizeon\/?page_id=5442"},"modified":"2023-01-18T00:51:51","modified_gmt":"2023-01-18T00:51:51","slug":"servicios","status":"publish","type":"page","link":"https:\/\/www.luciernaga.com.mx\/bs-consultores\/servicios\/","title":{"rendered":"SERVICIOS"},"content":{"rendered":"\t\t<div data-elementor-type=\"wp-post\" data-elementor-id=\"5442\" class=\"elementor elementor-5442\">\n\t\t\t\t\t\t<section class=\"elementor-section elementor-top-section elementor-element elementor-element-71165b6 elementor-section-boxed elementor-section-height-default elementor-section-height-default\" data-id=\"71165b6\" data-element_type=\"section\">\n\t\t\t\t\t\t<div class=\"elementor-container elementor-column-gap-default\">\n\t\t\t\t\t<div class=\"elementor-column elementor-col-25 elementor-top-column elementor-element elementor-element-9281750\" data-id=\"9281750\" data-element_type=\"column\">\n\t\t\t<div class=\"elementor-widget-wrap elementor-element-populated\">\n\t\t\t\t\t\t<div class=\"elementor-element elementor-element-c04e704 elementor-position-top elementor-widget elementor-widget-image-box\" data-id=\"c04e704\" data-element_type=\"widget\" data-widget_type=\"image-box.default\">\n\t\t\t\t<div class=\"elementor-widget-container\">\n\t\t\t<div class=\"elementor-image-box-wrapper\"><figure class=\"elementor-image-box-img\"><a href=\"https:\/\/www.luciernaga.com.mx\/bs-consultores\/service\/contabilidad\/\" tabindex=\"-1\"><img fetchpriority=\"high\" decoding=\"async\" width=\"768\" height=\"512\" src=\"https:\/\/www.luciernaga.com.mx\/bs-consultores\/wp-content\/uploads\/2023\/01\/ewrwerwre-768x512.jpg\" class=\"attachment-medium_large size-medium_large wp-image-6339\" alt=\"\" \/><\/a><\/figure><div class=\"elementor-image-box-content\"><h3 class=\"elementor-image-box-title\"><a href=\"https:\/\/www.luciernaga.com.mx\/bs-consultores\/service\/contabilidad\/\">Contabilidad y Fiscal<\/a><\/h3><\/div><\/div>\t\t<\/div>\n\t\t\t\t<\/div>\n\t\t\t\t<div class=\"elementor-element elementor-element-fa4af32 elementor-position-top elementor-widget elementor-widget-image-box\" data-id=\"fa4af32\" data-element_type=\"widget\" data-widget_type=\"image-box.default\">\n\t\t\t\t<div class=\"elementor-widget-container\">\n\t\t\t<div class=\"elementor-image-box-wrapper\"><figure class=\"elementor-image-box-img\"><a href=\"https:\/\/www.luciernaga.com.mx\/bs-consultores\/service\/precios-de-transferencia\/\" tabindex=\"-1\"><img decoding=\"async\" width=\"768\" height=\"512\" src=\"https:\/\/www.luciernaga.com.mx\/bs-consultores\/wp-content\/uploads\/2023\/01\/dadsfas-768x512.jpg\" class=\"attachment-medium_large size-medium_large wp-image-6306\" alt=\"\" \/><\/a><\/figure><div class=\"elementor-image-box-content\"><h3 class=\"elementor-image-box-title\"><a href=\"https:\/\/www.luciernaga.com.mx\/bs-consultores\/service\/precios-de-transferencia\/\">Precios De Transferencia<\/a><\/h3><\/div><\/div>\t\t<\/div>\n\t\t\t\t<\/div>\n\t\t\t\t\t<\/div>\n\t\t<\/div>\n\t\t\t\t<div class=\"elementor-column elementor-col-25 elementor-top-column elementor-element elementor-element-b33e2a0\" data-id=\"b33e2a0\" data-element_type=\"column\">\n\t\t\t<div class=\"elementor-widget-wrap elementor-element-populated\">\n\t\t\t\t\t\t<div class=\"elementor-element elementor-element-e94b595 elementor-position-top elementor-widget elementor-widget-image-box\" data-id=\"e94b595\" data-element_type=\"widget\" data-widget_type=\"image-box.default\">\n\t\t\t\t<div class=\"elementor-widget-container\">\n\t\t\t<div class=\"elementor-image-box-wrapper\"><figure class=\"elementor-image-box-img\"><a href=\"https:\/\/www.luciernaga.com.mx\/bs-consultores\/service\/asesoria-patrimonial\/\" tabindex=\"-1\"><img decoding=\"async\" width=\"768\" height=\"512\" src=\"https:\/\/www.luciernaga.com.mx\/bs-consultores\/wp-content\/uploads\/2022\/12\/Untireetled-2-768x512.jpg\" class=\"attachment-medium_large size-medium_large wp-image-6092\" alt=\"\" \/><\/a><\/figure><div class=\"elementor-image-box-content\"><h3 class=\"elementor-image-box-title\"><a href=\"https:\/\/www.luciernaga.com.mx\/bs-consultores\/service\/asesoria-patrimonial\/\">Asesor\u00eda Patrimonial<\/a><\/h3><\/div><\/div>\t\t<\/div>\n\t\t\t\t<\/div>\n\t\t\t\t<div class=\"elementor-element elementor-element-f46baf4 elementor-position-top elementor-widget elementor-widget-image-box\" data-id=\"f46baf4\" data-element_type=\"widget\" data-widget_type=\"image-box.default\">\n\t\t\t\t<div class=\"elementor-widget-container\">\n\t\t\t<div class=\"elementor-image-box-wrapper\"><figure class=\"elementor-image-box-img\"><a href=\"https:\/\/www.luciernaga.com.mx\/bs-consultores\/service\/infraestructura-y-soporte-tecnico\/\" tabindex=\"-1\"><img loading=\"lazy\" decoding=\"async\" width=\"768\" height=\"513\" src=\"https:\/\/www.luciernaga.com.mx\/bs-consultores\/wp-content\/uploads\/2022\/12\/WERWEREWorking-2021-08-29-16-42-05-utc-768x513.jpg\" class=\"attachment-medium_large size-medium_large wp-image-6221\" alt=\"\" \/><\/a><\/figure><div class=\"elementor-image-box-content\"><h3 class=\"elementor-image-box-title\"><a href=\"https:\/\/www.luciernaga.com.mx\/bs-consultores\/service\/infraestructura-y-soporte-tecnico\/\">Infraestructura y Soporte<\/a><\/h3><\/div><\/div>\t\t<\/div>\n\t\t\t\t<\/div>\n\t\t\t\t\t<\/div>\n\t\t<\/div>\n\t\t\t\t<div class=\"elementor-column elementor-col-25 elementor-top-column elementor-element elementor-element-bda5b33\" data-id=\"bda5b33\" data-element_type=\"column\">\n\t\t\t<div class=\"elementor-widget-wrap elementor-element-populated\">\n\t\t\t\t\t\t<div class=\"elementor-element elementor-element-a0a0aa7 elementor-position-top elementor-widget elementor-widget-image-box\" data-id=\"a0a0aa7\" data-element_type=\"widget\" data-widget_type=\"image-box.default\">\n\t\t\t\t<div class=\"elementor-widget-container\">\n\t\t\t<div class=\"elementor-image-box-wrapper\"><figure class=\"elementor-image-box-img\"><a href=\"https:\/\/www.luciernaga.com.mx\/bs-consultores\/service\/recursos-humanos\/\" tabindex=\"-1\"><img loading=\"lazy\" decoding=\"async\" width=\"768\" height=\"512\" src=\"https:\/\/www.luciernaga.com.mx\/bs-consultores\/wp-content\/uploads\/2022\/12\/werwer-768x512.jpg\" class=\"attachment-medium_large size-medium_large wp-image-6108\" alt=\"\" \/><\/a><\/figure><div class=\"elementor-image-box-content\"><h3 class=\"elementor-image-box-title\"><a href=\"https:\/\/www.luciernaga.com.mx\/bs-consultores\/service\/recursos-humanos\/\">Capital Humano<\/a><\/h3><\/div><\/div>\t\t<\/div>\n\t\t\t\t<\/div>\n\t\t\t\t<div class=\"elementor-element elementor-element-1d8a55a elementor-position-top elementor-widget elementor-widget-image-box\" data-id=\"1d8a55a\" data-element_type=\"widget\" data-widget_type=\"image-box.default\">\n\t\t\t\t<div class=\"elementor-widget-container\">\n\t\t\t<div class=\"elementor-image-box-wrapper\"><figure class=\"elementor-image-box-img\"><a href=\"https:\/\/www.luciernaga.com.mx\/bs-consultores\/service\/tesoreria\/\" tabindex=\"-1\"><img loading=\"lazy\" decoding=\"async\" width=\"768\" height=\"512\" src=\"https:\/\/www.luciernaga.com.mx\/bs-consultores\/wp-content\/uploads\/2022\/12\/Untitledwerwer-2-768x512.jpg\" class=\"attachment-medium_large size-medium_large wp-image-6103\" alt=\"\" \/><\/a><\/figure><div class=\"elementor-image-box-content\"><h3 class=\"elementor-image-box-title\"><a href=\"https:\/\/www.luciernaga.com.mx\/bs-consultores\/service\/tesoreria\/\">Tesorer\u00eda<\/a><\/h3><\/div><\/div>\t\t<\/div>\n\t\t\t\t<\/div>\n\t\t\t\t\t<\/div>\n\t\t<\/div>\n\t\t\t\t<div class=\"elementor-column elementor-col-25 elementor-top-column elementor-element elementor-element-6b9a74e\" data-id=\"6b9a74e\" data-element_type=\"column\">\n\t\t\t<div class=\"elementor-widget-wrap elementor-element-populated\">\n\t\t\t\t\t\t<div class=\"elementor-element elementor-element-7206784 elementor-position-top elementor-widget elementor-widget-image-box\" data-id=\"7206784\" data-element_type=\"widget\" data-widget_type=\"image-box.default\">\n\t\t\t\t<div class=\"elementor-widget-container\">\n\t\t\t<div class=\"elementor-image-box-wrapper\"><figure class=\"elementor-image-box-img\"><a href=\"https:\/\/www.luciernaga.com.mx\/bs-consultores\/service\/inteligencia-de-negocios\/\" tabindex=\"-1\"><img loading=\"lazy\" decoding=\"async\" width=\"768\" height=\"512\" src=\"https:\/\/www.luciernaga.com.mx\/bs-consultores\/wp-content\/uploads\/2022\/12\/Untitledteteert-2-768x512.jpg\" class=\"attachment-medium_large size-medium_large wp-image-6081\" alt=\"\" \/><\/a><\/figure><div class=\"elementor-image-box-content\"><h3 class=\"elementor-image-box-title\"><a href=\"https:\/\/www.luciernaga.com.mx\/bs-consultores\/service\/inteligencia-de-negocios\/\">Inteligencia  de negocios<\/a><\/h3><\/div><\/div>\t\t<\/div>\n\t\t\t\t<\/div>\n\t\t\t\t\t<\/div>\n\t\t<\/div>\n\t\t\t\t\t<\/div>\n\t\t<\/section>\n\t\t\t\t<section class=\"elementor-section elementor-top-section elementor-element elementor-element-f128c41 elementor-section-boxed elementor-section-height-default elementor-section-height-default\" data-id=\"f128c41\" data-element_type=\"section\">\n\t\t\t\t\t\t<div class=\"elementor-container elementor-column-gap-default\">\n\t\t\t\t\t<div class=\"elementor-column elementor-col-50 elementor-top-column elementor-element elementor-element-da40339\" data-id=\"da40339\" data-element_type=\"column\">\n\t\t\t<div class=\"elementor-widget-wrap elementor-element-populated\">\n\t\t\t\t\t\t<div class=\"elementor-element elementor-element-f41a7c5 elementor-widget elementor-widget-gva-heading-block\" data-id=\"f41a7c5\" data-element_type=\"widget\" data-widget_type=\"gva-heading-block.default\">\n\t\t\t\t<div class=\"elementor-widget-container\">\n\t\t\t<div class=\"gva-element-gva-heading-block gva-element\">   <div class=\"align-left style-1 widget gsc-heading\">\r\n      <div class=\"content-inner\">\r\n         \r\n                     <div class=\"heading-icon\"><img decoding=\"async\" src=\"https:\/\/www.luciernaga.com.mx\/bs-consultores\/wp-content\/plugins\/vizeon-themer\/elementor\/assets\/images\/icon-heading.png\" alt=\"Nuestros servicios\"\/><\/div>\r\n                  \r\n           \r\n         \r\n                     <h2 class=\"title\">\r\n               <span>Nuestros servicios<\/span>\r\n            <\/h2>\r\n                              <div class=\"title-desc\"><h4><strong>Nuestra experiencia<\/strong><\/h4>\nSomos una firma de consultor\u00eda estrat\u00e9gica que ofrece soluciones integrales , con enfoque hacia los objetivos de nuestros socios comerciales. Durante los \u00faltimos 10 a\u00f1os hemos agregado valor a empresas de nivel nacional e internacional (mundial), con nuestra metodolog\u00eda de trabajo, sustentada en conocimiento, \u00e9tica, pasi\u00f3n y profesionalismo.\n<h4><strong>Nuestros valores<\/strong><\/h4>\nColaboramos d\u00eda a d\u00eda con empresas a nivel global, altamente exitosas, a quienes asesoramos para la gesti\u00f3n \u00f3ptima brindando asesor\u00eda integral que les han llevado a alcanzar sus objetivos organizacionales. Nuestro compromiso con la excelencia en nuestros procesos les asegura el retorno de la inversi\u00f3n.\n<h4><strong>Nuestro talento<\/strong><\/h4>\nTrabajamos bajo los principios de \u00e9tica e integridad profesional. Colaboramos d\u00eda a d\u00eda con organizaciones nacionales e internacionales. Tenemos experiencia generando planes estrat\u00e9gicos para diferentes \u00e1reas de especialidad de empresas preocupadas por su desarrollo y potencializaci\u00f3n\u00a0 de sus resultados.\n<h5>Dentro de nuestros principales servicios brindamos asesor\u00eda en diferentes campos de especialidad:<\/h5>\n<ol>1 Contabilidad y Fiscal<\/ol>\n<ol>2 Asesor\u00eda Patrimonial<\/ol>\n<ol>3 Capital Humano<\/ol>\n<ol>4 Inteligencia de Negocios<\/ol>\n<ol>5 Precios de Transferencia<\/ol>\n<ol>6 Infraestructura y Soporte<\/ol>\n<ol>7 Tesorer\u00eda<\/ol><\/div>\r\n         \r\n         \r\n      <\/div>\r\n   <\/div>\r\n   <div class=\"clearfix\"><\/div>\r\n<\/div>\t\t<\/div>\n\t\t\t\t<\/div>\n\t\t\t\t<div class=\"elementor-element elementor-element-8e80c31 elementor-widget elementor-widget-gva-heading-block\" data-id=\"8e80c31\" data-element_type=\"widget\" data-widget_type=\"gva-heading-block.default\">\n\t\t\t\t<div class=\"elementor-widget-container\">\n\t\t\t<div class=\"gva-element-gva-heading-block gva-element\">   <div class=\"align-left style-1 widget gsc-heading\">\r\n      <div class=\"content-inner\">\r\n         \r\n                  \r\n           \r\n         \r\n                     <h2 class=\"title\">\r\n               <span>\u00bfQu\u00e9 esperas para conversar con nosotros?<\/span>\r\n            <\/h2>\r\n                  \r\n         \r\n      <\/div>\r\n   <\/div>\r\n   <div class=\"clearfix\"><\/div>\r\n<\/div>\t\t<\/div>\n\t\t\t\t<\/div>\n\t\t\t\t\t<\/div>\n\t\t<\/div>\n\t\t\t\t<div class=\"elementor-column elementor-col-50 elementor-top-column elementor-element elementor-element-e16a6ae\" data-id=\"e16a6ae\" data-element_type=\"column\">\n\t\t\t<div class=\"elementor-widget-wrap elementor-element-populated\">\n\t\t\t\t\t\t<div class=\"elementor-element elementor-element-6b5d9f8 wp-sidebar elementor-widget elementor-widget-sidebar\" data-id=\"6b5d9f8\" data-element_type=\"widget\" data-widget_type=\"sidebar.default\">\n\t\t\t\t<div class=\"elementor-widget-container\">\n\t\t\t<aside id=\"media_image-2\" class=\"widget clearfix widget_media_image\"><img loading=\"lazy\" decoding=\"async\" width=\"370\" height=\"279\" src=\"https:\/\/www.luciernaga.com.mx\/bs-consultores\/wp-content\/uploads\/2019\/05\/image-7.jpg\" class=\"image wp-image-5076  attachment-full size-full\" alt=\"\" style=\"max-width: 100%; height: auto;\" \/><\/aside><aside id=\"nav_menu-2\" class=\"widget clearfix widget_nav_menu\"><h3 class=\"widget-title\"><span>Servicios<\/span><\/h3><div class=\"menu-servicios-container\"><ul id=\"menu-servicios\" class=\"menu\"><li id=\"menu-item-5952\" class=\"menu-item menu-item-type-custom menu-item-object-custom menu-item-5952\"><a href=\"https:\/\/www.luciernaga.com.mx\/bs-consultores\/service\/contabilidad\/\">\u21e5 \u25ba Contabilidad &#038; fiscal<\/a><\/li>\n<li id=\"menu-item-5868\" class=\"menu-item menu-item-type-custom menu-item-object-custom menu-item-5868\"><a href=\"https:\/\/www.luciernaga.com.mx\/bs-consultores\/service\/asesoria-patrimonial\/\">\u21e5 \u25ba Asesor\u00eda Patrimonial<\/a><\/li>\n<li id=\"menu-item-5869\" class=\"menu-item menu-item-type-custom menu-item-object-custom menu-item-5869\"><a href=\"https:\/\/www.luciernaga.com.mx\/bs-consultores\/service\/recursos-humanos\/\">\u21e5 \u25ba Capital Humano<\/a><\/li>\n<li id=\"menu-item-5863\" class=\"menu-item menu-item-type-custom menu-item-object-custom menu-item-5863\"><a href=\"https:\/\/www.luciernaga.com.mx\/bs-consultores\/service\/inteligencia-de-negocios\/\">\u21e5 \u25ba Inteligencia de negocios<\/a><\/li>\n<li id=\"menu-item-5864\" class=\"menu-item menu-item-type-custom menu-item-object-custom menu-item-5864\"><a href=\"https:\/\/www.luciernaga.com.mx\/bs-consultores\/service\/precios-de-transferencia\/\">\u21e5 \u25ba Precios de transferencia<\/a><\/li>\n<li id=\"menu-item-6295\" class=\"menu-item menu-item-type-custom menu-item-object-custom menu-item-6295\"><a href=\"https:\/\/www.luciernaga.com.mx\/bs-consultores\/service\/infraestructura-y-soporte-tecnico\/\">\u21e5 \u25ba Infraestructura &#038; Soporte<\/a><\/li>\n<li id=\"menu-item-5955\" class=\"menu-item menu-item-type-custom menu-item-object-custom menu-item-5955\"><a href=\"https:\/\/www.luciernaga.com.mx\/bs-consultores\/service\/tesoreria\/\">\u21e5 \u25ba Tesorer\u00eda<\/a><\/li>\n<\/ul><\/div><\/aside>\t\t<\/div>\n\t\t\t\t<\/div>\n\t\t\t\t\t<\/div>\n\t\t<\/div>\n\t\t\t\t\t<\/div>\n\t\t<\/section>\n\t\t\t\t<section class=\"elementor-section elementor-top-section elementor-element elementor-element-25f0603 elementor-section-boxed elementor-section-height-default elementor-section-height-default\" data-id=\"25f0603\" data-element_type=\"section\" data-settings=\"{&quot;background_background&quot;:&quot;classic&quot;}\">\n\t\t\t\t\t\t<div class=\"elementor-container elementor-column-gap-default\">\n\t\t\t\t\t<div class=\"elementor-column elementor-col-100 elementor-top-column elementor-element elementor-element-71c2fe5\" data-id=\"71c2fe5\" data-element_type=\"column\">\n\t\t\t<div class=\"elementor-widget-wrap elementor-element-populated\">\n\t\t\t\t\t\t<div class=\"elementor-element elementor-element-77ccc04 elementor-widget elementor-widget-gva-heading-block\" data-id=\"77ccc04\" data-element_type=\"widget\" data-widget_type=\"gva-heading-block.default\">\n\t\t\t\t<div class=\"elementor-widget-container\">\n\t\t\t<div class=\"gva-element-gva-heading-block gva-element\">   <div class=\"align-center style-1 widget gsc-heading\">\r\n      <div class=\"content-inner\">\r\n         \r\n                              <div class=\"heading-video\">\r\n            <a class=\"video-link popup-video\" href=\"https:\/\/vimeo.com\/742774123\"><i class=\"fa fa-play\"><\/i><\/a>\r\n            <\/div>\r\n         \r\n                     <div class=\"sub-title\"><span>NUESTRO COMPROMISO ES CON USTED<\/span><\/div>\r\n           \r\n         \r\n                     <h2 class=\"title\">\r\n               <span>Intermediarios para Negociaciones<\/span>\r\n            <\/h2>\r\n                  \r\n         \r\n      <\/div>\r\n   <\/div>\r\n   <div class=\"clearfix\"><\/div>\r\n<\/div>\t\t<\/div>\n\t\t\t\t<\/div>\n\t\t\t\t\t<\/div>\n\t\t<\/div>\n\t\t\t\t\t<\/div>\n\t\t<\/section>\n\t\t\t\t<\/div>\n\t\t","protected":false},"excerpt":{"rendered":"<p>Contabilidad y Fiscal Precios De Transferencia Asesor\u00eda Patrimonial Infraestructura y Soporte Capital Humano Tesorer\u00eda Inteligencia de negocios Nuestros servicios Nuestra experiencia Somos una firma de consultor\u00eda estrat\u00e9gica que ofrece soluciones integrales , con enfoque hacia los objetivos de nuestros socios comerciales. Durante los \u00faltimos 10 a\u00f1os hemos agregado valor a empresas de nivel nacional e [&hellip;]<\/p>\n","protected":false},"author":1,"featured_media":0,"parent":0,"menu_order":0,"comment_status":"closed","ping_status":"closed","template":"","meta":{"footnotes":""},"class_list":["post-5442","page","type-page","status-publish","hentry"],"_links":{"self":[{"href":"https:\/\/www.luciernaga.com.mx\/bs-consultores\/wp-json\/wp\/v2\/pages\/5442","targetHints":{"allow":["GET"]}}],"collection":[{"href":"https:\/\/www.luciernaga.com.mx\/bs-consultores\/wp-json\/wp\/v2\/pages"}],"about":[{"href":"https:\/\/www.luciernaga.com.mx\/bs-consultores\/wp-json\/wp\/v2\/types\/page"}],"author":[{"embeddable":true,"href":"https:\/\/www.luciernaga.com.mx\/bs-consultores\/wp-json\/wp\/v2\/users\/1"}],"replies":[{"embeddable":true,"href":"https:\/\/www.luciernaga.com.mx\/bs-consultores\/wp-json\/wp\/v2\/comments?post=5442"}],"version-history":[{"count":124,"href":"https:\/\/www.luciernaga.com.mx\/bs-consultores\/wp-json\/wp\/v2\/pages\/5442\/revisions"}],"predecessor-version":[{"id":6404,"href":"https:\/\/www.luciernaga.com.mx\/bs-consultores\/wp-json\/wp\/v2\/pages\/5442\/revisions\/6404"}],"wp:attachment":[{"href":"https:\/\/www.luciernaga.com.mx\/bs-consultores\/wp-json\/wp\/v2\/media?parent=5442"}],"curies":[{"name":"wp","href":"https:\/\/api.w.org\/{rel}","templated":true}]}}